35*z - x*z - 1870. What is the hundreds digit of z?
1
Let n(v) = -v**3 + 3*v**2 - 3*v + 2. Let x be n(2). Suppose -7*k + 83 + 15 = x. What is the tens digit of 6/k - (-1910)/35?
5
Let d = 25 - 21. Suppose 3*o = 3*r - 486, -d = o - 5*o. What is the tens digit of r?
6
Let q(l) = -3*l - 2. Let k be q(-3). Suppose -3*a + 18 = -5*j, 3*j + 4*a = 2*a - k. What is the tens digit of ((-6)/(-18))/(j/(-135))?
1
Suppose 2*j = -j - 3. Let t(p) = -2*p - 2*p + 1 - p**2 - 3*p**3 + 5*p. What is the units digit of t(j)?
2
Let f(z) = 2*z**3 + 28*z**2 - 3*z + 4. What is the tens digit of f(-12)?
1
Suppose -a = 3*a - 4*x - 852, -2636 = -12*a - 4*x. What is the units digit of a?
8
Suppose 2*u - 60 = -3*u. Let i(b) = 2*b**3 + 80*b - 65*b - 14 - 3*b**3 + 11*b**2. What is the units digit of i(u)?
2
Let j be 38/1 - (3 + -4). Suppose -3*a + j = -0*a. What is the tens digit of a?
1
Let f(w) = -35*w + 1466. What is the units digit of f(0)?
6
Let y be 1834/5 + 1/5. Let d = y + -253. What is the hundreds digit of d?
1
Let c = -556 + 933. What is the tens digit of c?
7
Let b be (-4)/(-20) - (-69)/5. Let j(k) = -k**3 + 3*k**2 + 3*k - 3. Let u be j(3). Let v = u + b. What is the units digit of v?
0
Suppose 33*u - 43*u = -1660. What is the units digit of u?
6
Let q(z) = -2*z - 12. Let x be q(-7). Suppose 0 = 8*l - 7 - 17. Suppose -l*k + 24 = -5*i - 29, 3*k = x*i + 68. What is the units digit of k?
6
Let a = -4 - 0. Let r(w) = 12*w - 15*w + 2*w - 2 + w**2 + 4. What is the units digit of r(a)?
2
Let f be 2*(-4)/(-24)*87. Let d be f + -2 + 3 + -2. Let n = 0 + d. What is the tens digit of n?
2
Suppose a + 4 = 9. Suppose -143 = -3*n + j, -a*n = -j - 142 - 95. What is the tens digit of n?
4
Suppose 1000 = 4*w - 488. Suppose w = 4*z + k, 0 = -2*z + z + 4*k + 93. What is the tens digit of z?
9
Let g be (-15)/10*((-1460)/6)/5. Suppose g - 383 = -2*s. What is the hundreds digit of s?
1
Suppose 36 = -5*r + 5*o - 24, 33 = -4*r + o. Let c(b) = 2 + 3*b + 2*b**2 - b**2 + 7. What is the tens digit of c(r)?
3
Suppose 1408 = 3*d + 394. Let b = d - 162. What is the tens digit of 4/6 + b/6?
3
Suppose -k + 5*o - 112 = -3*k, 4*o - 314 = -5*k. Let n = -47 + k. Suppose 3*u - 11 - n = 0. What is the tens digit of u?
1
Suppose 0 = -4*w + 116 - 36. What is the units digit of 1488/15 + (-4)/w?
9
Suppose 1920*b = 1917*b + 6222. What is the thousands digit of b?
2
What is the units digit of -9 + 5/(10/7836)?
9
Let b = 5 - 2. Suppose -3*u - b*k + 2*k = -151, 0 = 3*u + 3*k - 147. Let a = u - 25. What is the units digit of a?
6
Let y = -1290 - -1907. What is the units digit of y?
7
Let b be -5 + 11/(55/40). Suppose 0*r + 574 = 3*r - 2*n, -b*n + 400 = 2*r. What is the units digit of r?
4
Suppose -d = -3*o - 1989, -23*d + 9881 = -18*d + o. What is the hundreds digit of d?
9
Let k be 69/21 + 2/(-7). Suppose k*t - 3*g = 153, -g = 5*t - 0*g - 267. What is the units digit of t?
3
What is the thousands digit of ((-6)/(-10))/((-17)/(-130135))?
4
Let d(j) = 2*j**2 + 29*j - 16. Let w be d(-21). What is the units digit of 39/52 - w/(-4)?
5
Suppose 3*l + 1565 = 8*l. What is the tens digit of l?
1
Let d be (-5030)/(-40) + 2*(-1)/(-8). Let r = 29 + d. What is the units digit of r?
5
Let r(z) = 60*z - 7*z + 24*z + 0 - 1. What is the units digit of r(1)?
6
Suppose -37*f + 775 = -41146. What is the thousands digit of f?
1
Let g = -2172 - -4639. What is the thousands digit of g?
2
Suppose 2*f = 3*f - c - 95, 2*c + 98 = f. Suppose 2*n - 2*h - 6 = f, h = -2*n + 104. What is the tens digit of n?
5
Let j(m) = -14*m**3 - 9*m**2 - 33*m - 9. What is the units digit of j(-5)?
1
Suppose -47*p - 50*p = -10185. What is the units digit of p?
5
Suppose 7 = 2*c + 3. Let f(x) = -3 + c*x + x**2 + 4 - 2 - 3*x. What is the units digit of f(3)?
5
Let w(j) = -j**2 - 8*j - 1. Let s be w(-7). Let r = 4 - s. What is the units digit of 6/(4/(-8) - r)?
4
Let v be ((-55)/(-15))/((-275)/(-276) - 1). What is the tens digit of 6/((-24)/v) + -4?
4
Let f(l) = l - 2. Let y be f(4). Suppose 2*v - 2 = y. Suppose -z + 65 = v*h + 2*h, 3*h = 3*z + 60. What is the tens digit of h?
1
Let i = -2 - 0. Let n(b) be the first derivative of 4*b**3/3 + b**2/2 + 2*b + 81. What is the units digit of n(i)?
6
Let o(r) = r**3 - 7*r**2 - r + 5. Let f be o(7). Let n be ((-4)/(-5))/(f/(-60)). What is the units digit of 85/4 + n/32?
2
Suppose 0 = -2*x - 6 + 4, -4*x - 436 = -3*m. What is the hundreds digit of m?
1
Suppose -4*v - 2*g + 20 = -0*g, v - 23 = -5*g. Let i(u) = u**2 - u + 6. What is the units digit of i(v)?
2
Suppose -88*u + 308606 = -143890. What is the thousands digit of u?
5
Let u = -55 + 34. Let h = -19 - u. Suppose -2*n - 2*n + 3*k = -102, -112 = -4*n - h*k. What is the tens digit of n?
2
Let h(d) = -29*d**3 - 3*d**2 + d + 2. What is the tens digit of h(-3)?
5
Let p(i) = -80*i - 9. What is the tens digit of p(-3)?
3
Let c(z) = -z**2 - 5*z - 5. Let r be c(-2). Let b = -4 - 4. What is the tens digit of 24/r - (b + 9)?
2
Suppose -46*i + 3720 = -42*i. What is the tens digit of i?
3
Suppose -3*j = -2*c + 4 - 24, 4 = -2*j - 3*c. Let n(w) = -6 + 1 + w**2 + 2 + j. What is the units digit of n(1)?
2
Let o(h) = 6*h + 7. Suppose -3*y = y + 2*b - 6, 0 = 3*y + 3*b - 3. What is the units digit of o(y)?
9
Let i(u) = 43*u**2 - 8*u + 2. Let n be i(3). Let m be (-1)/(-1) - (-12)/3. Suppose m*t - 365 = -6*v + v, 0 = 5*v - 2*t - n. What is the units digit of v?
3
Let q = 11945 - 7475. What is the tens digit of q?
7
Suppose -3*w = -4*w - 4*q + 303, 4*w = -3*q + 1186. What is the tens digit of w?
9
Let d(f) = 6*f**2 - 2*f + 7. Let t be (-9)/2*(-2)/3. What is the units digit of d(t)?
5
Suppose -l + 3*m + 2483 = 0, 4*l + 9*m = 5*m + 9868. What is the hundreds digit of l?
4
Let v(k) = -2*k**2 + 3*k - 4. Let f be v(-3). Let l = -75 + f. Let t = -71 - l. What is the tens digit of t?
3
Suppose -5*w = -3*v - 462, 0*w = -v + 3*w - 158. What is the hundreds digit of v/(-2)*4/((-8)/(-4))?
1
Let t(z) = 15*z + 2. Let a(s) = s**3 + 7*s**2 + 6*s + 4. Let k be a(-6). Let r be t(k). Suppose -3*j = -j - r. What is the units digit of j?
1
Suppose d = -2*d + 36. Let u = 21 + d. Suppose -t = -3*k + k, u = 5*t + k. What is the units digit of t?
6
Let k be ((-6)/(-9))/((-4)/(-6)). Let j be (-12)/(k*-4) - 17. Let x = j + 28. What is the units digit of x?
4
Let b be -2 + 10*3/6. Suppose -b*i + 152 = -i. What is the tens digit of i?
7
Suppose 52*c - 1776 = 46*c. What is the units digit of c?
6
Let a be 14*-1*(-4 - -5). Let m = 24 - a. What is the units digit of m?
8
Suppose 0 = -4*m + 3*l + 9, -m + 9 + 3 = -4*l. Suppose -5*k = -m*k - 50. What is the tens digit of k?
1
Suppose 13*l - 1519 = 5462. What is the hundreds digit of l?
5
Let f(i) = 4*i - 18. Let h be f(5). Let u = h + 113. What is the units digit of u?
5
What is the thousands digit of 411291/297 + (-1 - (-39)/33)?
1
Let i = 66 - 40. Let z = 38 - i. What is the tens digit of z?
1
Let d(w) = -70*w + 25. Let s be d(-6). Suppose -5*k = -0*k - s. What is the units digit of k?
9
Let h(a) = a**3 + 4*a**2 - 4*a - 4. Let x be h(-4). Let p be ((-4)/(-6))/(x/90). Suppose 0 = -4*y + p*y, i + 5*y = 22. What is the units digit of i?
2
Let h = 239 + -9. Suppose -6*k + h = -472. What is the tens digit of k?
1
Let s = 19 + -19. Suppose 0 = k + m + 2*m - 48, 3*m - 12 = s. What is the units digit of k?
6
What is the hundreds digit of (-6406)/(-4) + (1 - 36/24)?
6
Let h(s) = 2*s**3 - 8*s**2 + s - 1. Let o be h(4). Suppose 4*c - 261 = p - 28, 0 = o*c + 3*p - 156. What is the tens digit of c?
5
Suppose 0*b = 3*b. Suppose 5*i + o - 67 = b, i = -4*i + 3*o + 79. What is the units digit of i/2 - 0 - 0?
7
Suppose -y + 12 = -2*v, -6*v + 102 = 5*y - 2*v. Suppose -4*a + 7*a = y. What is the units digit of a?
6
Let g(p) = 12*p**2 + 2*p. Let w be g(-5). Let h be (4*(-2)/2)/(36/(-18)). Suppose 4*j - 2*t = w, t - 143 = h*j - 4*j. What is the units digit of j?
2
Let b(o) = 34*o - 1. Suppose 0 = -5*f - 8*c + 3*c + 10, -28 = f - 5*c. Let a = -2 - f. What is the tens digit of b(a)?
3
Let g be (-3)/(-6)*-2 - -3. Suppose 0 = -4*s + 4*z, 5*z - 25 - 3 = -g*s. Suppose -q - x + 10 = -0*x, -5*q - s*x + 45 = 0. What is the units digit of q?
5
Let f(o) = -o + 5. Let b be f(-7). Let z = b - 2. Suppose 5*c = -4*l + 52, 0*l + z = l + 2*c. What is the units digit of l?
8
What is the hundreds digit of